x = 0. What are the prime factors of k?
5, 7
Let h(c) = -52*c + 22. Let q be h(2). Let m = q + 723. What are the prime factors of m?
641
List the prime factors of ((-1092)/(-315))/(2/(-365))*-3.
2, 13, 73
Let q = -16444 + 37977. Suppose 3557 - q = -21*w. List the prime factors of w.
2, 107
Let o(g) = -g**3 + 2*g**2 - 16*g - 73. List the prime factors of o(-5).
2, 7, 13
Suppose -2*s + 5*q + 3373 = -9179, -s = 5*q - 6276. What are the prime factors of s?
2, 3, 523
Let m(w) = 14*w**2 - 4*w - 47. Let p(z) = 15*z**2 - 5*z - 46. Let k(o) = -5*m(o) + 6*p(o). List the prime factors of k(-4).
11, 29
Suppose 1107 - 159 = 3*c. Let q = c - 183. List the prime factors of q.
7, 19
Let q = -127 - -130. Suppose 4*b - 4396 = -q*b. Let d = b + -371. List the prime factors of d.
257
Let j = 20249 - -14414. List the prime factors of j.
17, 2039
Let o(t) = 3893*t**2 - 2 - 3891*t**2 - 5 - 13*t. Let h be o(7). Suppose 5*d = -h*d + 90. List the prime factors of d.
2, 3
Let h = 1277 + 2662. List the prime factors of h.
3, 13, 101
List the prime factors of ((-16)/64)/((-8)/(-16)) - 52514/(-4).
2, 3, 547
Let a = 8690 + -1990. What are the prime factors of a?
2, 5, 67
Let q = 11 - 98. Let j = 15 - 91. Let y = j - q. What are the prime factors of y?
11
List the prime factors of (-8)/(-28) - ((-2)/9 - (-26915856)/(-1512)).
2, 3, 23, 43
Suppose 327 = -44*u + 19. What are the prime factors of ((1129 - u) + -1)/(3/3)?
5, 227
Suppose 0 = 2*f + 6 - 212. Suppose -f - 349 = -2*g. Suppose g + 174 = 5*k. What are the prime factors of k?
2, 5
Let n(a) = 34*a**2 + 111*a + 88. What are the prime factors of n(14)?
2, 4153
Suppose 2*v + 13 + 21 = 5*l, 4*l = -2*v + 38. Suppose 2*w - s - 708 = -0*w, 2*s - l = 0. What are the prime factors of w?
2, 89
Suppose 374453 = 80*n - 357227. List the prime factors of n.
2, 17, 269
Suppose 0 = 23*f - 25*f - 40. List the prime factors of (24/(-10))/(-4) - 24988/f.
2, 5
Let w(u) be the first derivative of 8*u**2 + 6*u + 108. What are the prime factors of w(34)?
2, 5, 11
Suppose -4*d + 44 = -4*s, -s = s + 3*d + 2. What are the prime factors of s - -9 - (2 + -5 - 148)?
3, 17
Let i(b) = 52*b**2 - 9*b + 13. Let k(u) = -51*u**2 + 10*u - 14. Let r(x) = 6*i(x) + 5*k(x). Let l be 3 + -4*4/16. What are the prime factors of r(l)?
2, 3, 19
Suppose 24*q - 28*q + 32 = -4*f, -4*q + 3*f + 30 = 0. Suppose 6639 = q*m + 1545. What are the prime factors of m?
3, 283
Suppose -5*w + h - 3*h - 129 = 0, 127 = -5*w - h. Let i = 29 + w. Suppose -i*f - 2*q + 30 = 0, -6*q + 4*q = -5*f + 33. What are the prime factors of f?
7
Let u be (30/25)/(((-9)/10)/(-3)). Let x be 143/7 - (u + 50/(-14)). Suppose -x = -f + 23. List the prime factors of f.
43
Suppose -4*h - 1689 = 15*c - 16*c, -8487 = -5*c - h. Suppose -2*t + 58*m + c = 55*m, m + 4262 = 5*t. What are the prime factors of t?
853
List the prime factors of 225/30*(-1 + (-19719)/(-27)).
2, 5, 547
Let o(u) = -2*u + 47. Let c be o(21). Suppose -4*m + x + 678 = 0, -m + 180 = -0*m + c*x. List the prime factors of m.
2, 5, 17
Let m = -267 - -296. Suppose m*i - 27*i = 348. List the prime factors of i.
2, 3, 29
Suppose 3*v = -9, 0 = 3*i + i - 5*v + 373. Let g = i - -369. List the prime factors of g.
2, 17
Let b = -115 - -128. Let p(o) = 12*o + 92. List the prime factors of p(b).
2, 31
Let o = 55573 + -25349. List the prime factors of o.
2, 1889
Let x be (9 - 10) + 2 + -3. Let h be ((-72)/126)/(x/7). Suppose 0 = -h*y + 311 - 27. What are the prime factors of y?
2, 71
Let t(j) be the second derivative of j**5/20 - j**4/12 + 5*j**3/3 - 7*j**2/2 + 22*j. List the prime factors of t(4).
3
Suppose 0 = -0*x + 7*x - 3*x - 45372. What are the prime factors of x?
3, 19, 199
Let a(v) = 21*v + 14 + 7*v**2 + 6 + 35 + 22 + 0*v**2. What are the prime factors of a(-9)?
5, 7, 13
Suppose 13910 = 17*k - 15*k + 2*t, 20913 = 3*k - 5*t. What are the prime factors of k?
6961
Let x(a) = 2*a + 11. Let h be x(6). Let l = 25 - h. List the prime factors of (-106)/(-2) + 3 + (-2 - l).
2, 13
Suppose -f = -144*x + 143*x - 26434, 2*x + 132149 = 5*f. List the prime factors of f.
3, 23, 383
Suppose 403*m = 328*m + 2460975. List the prime factors of m.
11, 19, 157
Let q = 8478 + -1479. List the prime factors of q.
3, 2333
Let a(x) = 2*x**2 - 49*x + 15. Let z be a(24). What are the prime factors of 1086/z*(-42)/28?
181
Suppose -16*c + 4672 = -48*c. Let s = c + 362. What are the prime factors of s?
2, 3
Let y(j) = 108*j - 7. Let f be y(4). Let a = -232 + f. List the prime factors of a.
193
List the prime factors of (1 - (-8 + 1206/6))/((-2)/139).
2, 3, 139
Suppose 9*n = -m + 76494, 50 - 20 = 5*n. What are the prime factors of m?
2, 3, 5, 7, 13
Suppose 1015 = -5*v + 5*a, 5*a = -0*v - 5*v - 975. Let t = v + 359. What are the prime factors of t?
2, 5
Let m(a) = 2*a**2 + 12*a + 15. Let v(o) = -10*o + 24. Let p be v(3). Let i be m(p). Suppose i = -y + 29. List the prime factors of y.
2, 7
Let u = 637 - 356. Let n = -3 + 6. Suppose 88 = n*g - u. List the prime factors of g.
3, 41
Suppose -213*t + 207*t + 90 = 0. What are the prime factors of ((14 - t) + -518 + 1)/(-1)?
2, 7, 37
Let j = 781 - 736. Suppose 0 = -j*p + 32*p + 18096. What are the prime factors of p?
2, 3, 29
Suppose 2*w = 197*h - 194*h - 4861, h - 1639 = -4*w. What are the prime factors of h?
3, 541
Let x = -11 + 8. Let l(g) be the second derivative of -g**5/4 - g**4/12 + g**3/2 + 3*g**2/2 + g + 27. What are the prime factors of l(x)?
2, 3, 5
Let b be (-105)/147 + 19/7. List the prime factors of b*(4713/(-2))/(-5 + 2).
1571
List the prime factors of (-393864)/(-30) + (-1)/(-5).
19, 691
Let u(a) = -a**3 + 51*a**2 + 112*a - 32. What are the prime factors of u(53)?
2, 11, 13
Suppose d - 7706 = -2*y + 345, 5*d - 40153 = 7*y. List the prime factors of d.
8039
Suppose 0 = -5*t + 2*b + 11, 0*b + 2*b + 3 = -3*t. Let a be (t/(-3))/((-4)/(111 - 3)). List the prime factors of (-2)/a + 7760/90.
2, 43
Let n = -504 - -492. List the prime factors of ((-4)/n)/(2 - (-12903)/(-6453)).
3, 239
Suppose 4*s = 3*m + 19, s = -m - 2*s - 28. Let i = -12 - m. List the prime factors of -98*(-6)/4*i.
3, 7
Let p be -3 + (-2)/1*5/(-2). Let o(q) = q**3 + 2*q - 6. Let j be o(p). List the prime factors of 875/j + (-6)/(-36).
2, 73
Suppose 23*d - 67088 + 8803 = 5701. List the prime factors of d.
2, 13, 107
Suppose -17*k + 12*k + 2*z + 26778 = 0, -k = 2*z - 5370. What are the prime factors of k?
2, 3, 19, 47
Let b(m) = -3*m**3 + m - 2. Let w be b(-4). Suppose -543 = -c + w. Suppose -10*a + a = -c. List the prime factors of a.
3
Let a(g) = 121*g - 36. Let l be a(9). Let b = -21 - -21. Suppose b = 5*w - 0*w - 3*z - l, 2*w - 5*z - 425 = 0. What are the prime factors of w?
2, 3, 5, 7
Suppose -234808 - 314191 = -29*t. What are the prime factors of t?
11, 1721
Let v be ((-6)/9)/(3/(-432)). Let d(t) = -t**3 + t**2 + t + 2. Let f be d(0). Suppose -24 = -f*z + v. What are the prime factors of z?
2, 3, 5
Let v be 4/(-13 - -1)*-123. Let z = 257 - v. Suppose -8*j = -256 - z. What are the prime factors of j?
59
Let z = 59692 + -36373. List the prime factors of z.
3, 2591
Let s(l) = -l**3 + 10*l**2 + 9*l + 10. Let i be s(11). Let x(m) = m**3 + 10*m**2 - 13*m - 6. Let h be x(-11). Let w = h + i. List the prime factors of w.
2
Suppose 3*i + 690 = 6*i. Let v be 22 - 23 - (i/(-2) + 0). Let n = v - -16. List the prime factors of n.
2, 5, 13
Let a be 64928/(-256) - (-6)/(-16). Suppose -4*b = -b + 531. Let i = b - a. List the prime factors of i.
7, 11
Suppose 21*v + 12 = 33. List the prime factors of ((v - -1) + -4)*-136.
2, 17
Let h be 1129 - ((-2 - 6) + 5). Suppose 6*l + h - 3706 = 0. List the prime factors of l.
3, 11, 13
Let i be (((-297)/6)/(-11) - 4)*832. Suppose -4*d - i = -4*p, -5*p - 37*d + 488 = -34*d. What are the prime factors of p?
2, 5
Let j = -150 - 4. Suppose -18*h = -15*h + 6. List the prime factors of h/(-5 - -4) - j.
2, 3, 13
Suppose -6*k = -4*v + 330252, 39*v + 412798 = 44*v + k. What are the prime factors of v?
2, 3, 5, 43
Suppose 0 = -3*s - 2*r - 1204, -2*s - 3*r - 2*r - 821 = 0. Let d = 897 - s. Suppose 8*a = a + d. What are the prime factors of a?
5, 37
Suppose 0 = 36*h + 95*h - 2837460. List the prime factors of h.
2, 3, 5, 19
Let i be 0*(0 - (-2)/6). Suppose -2*b + l + 1911 = i, -l + 542 = 3*b - 2322. List the prime factors of b.
5, 191
Suppos